-20) is divided by 71?
70
Let l be (-172903)/(-258) + 1/(-6). Suppose -5*q = -3*f - l, 4*f + 536 = 4*q - 0*f. Calculate the remainder when q is divided by 15.
14
Suppose 0*q - 8 = -t + q, 10*q = t + 46. Calculate the remainder when 143 is divided by t.
3
Let t be 0/(-24)*2/(-6) - -203. Let o = -188 + t. What is the remainder when o is divided by 5?
0
Suppose u + 4*m + 0 = 52, 3*m - 120 = -3*u. Calculate the remainder when u is divided by ((3 - 2) + 4)*2.
6
Suppose 5*y + 4*f - 30 = 0, -5*y - 2*f - f + 25 = 0. Suppose 3*s - 47 = y*c, 13*s = 9*s + 2*c + 62. Calculate the remainder when 52 is divided by s.
7
Suppose 0 = -4*k - 5 - 3, -3*k + 242 = 4*b. Let o be (-10)/8 + (-6)/(-24). What is the remainder when b is divided by o/((-265)/65 - -4)?
10
Suppose -t = 5*j - 178, -82 = -2*j + 2*t + 3*t. Let m(h) = 974*h**2 - 10 - 7*h + 3*h - 4*h - 973*h**2. Calculate the remainder when m(17) is divided by j.
35
Suppose -4*q - 5*a = -4539, -q + a - 4543 = -5*q. Calculate the remainder when q is divided by 7.
2
Let c(y) = -y**3 - 52*y**2 + 7*y + 381. Calculate the remainder when (-2 - 390)*(-5)/4 is divided by c(-52).
14
Suppose -259*x + 130*x + 9 = -128*x. What is the remainder when 6603 is divided by x?
6
Let l be (2 - 4 - -5) + 127. Let w = -50 + l. Suppose 0 = -3*z - z + 5*r + w, -2*r = 0. Calculate the remainder when z is divided by 11.
9
Suppose -6*g = d - g - 24, -24 = -2*d - 4*g. Suppose -d*o = -0*o - 12. Let r = -6126 + 6149. Calculate the remainder when r is divided by o.
2
Calculate the remainder when 3*(-2)/14 - (-155570)/(-70)*-1 is divided by 21.
17
Let z = 159 - 155. Let v(j) = 11*j - 17. Calculate the remainder when v(z) is divided by 14.
13
Calculate the remainder when 265 is divided by 4/(-5) + -1196*(-10)/325.
13
Let h = -159 - -153. Suppose -o - 2*s - 1 = 0, 6 = 4*o - 5*s - 3. Calculate the remainder when 1/h + 338/156 is divided by o.
0
Let s = -23132 + 23365. Calculate the remainder when 944 is divided by s.
12
Let n(u) = 2*u**2 - 3*u - 8. Calculate the remainder when (331/(-2))/((-91)/126) + 6/(-39) is divided by n(6).
45
Let q(t) = 6*t + 421. Suppose -4*z + 218 = -2*d, -z + d + 165 = 2*z. Suppose 54 = 2*n - z. What is the remainder when q(-34) is divided by n?
52
Let v(t) = t**3 + 40*t**2 + 37*t - 68. Let q be v(-39). Let k(d) = d**3 - 10*d**2 + 7*d - 12. Calculate the remainder when 462 is divided by k(q).
56
Let y = 2273 - 2223. Calculate the remainder when y is divided by 22.
6
Let c be (-6)/(-1)*(-8)/(-24). Suppose 200 - 47 = a. Suppose c*l - 5*l = -a. What is the remainder when l is divided by 15?
6
Suppose 28175*t - 28103*t - 144 = 0. Suppose -2*c = -3*k - 1, 2*k + c = 3*c - 2. Calculate the remainder when -1 - k - -11 - -1 is divided by t.
0
Suppose 16*k = 21*k - 195. Suppose -37*v - 186 = -k*v. Suppose 4*x - v = -1. What is the remainder when 85 is divided by x?
16
Suppose -2*r + 30 = 3*r - 3*g, -2*g = -5*r + 30. What is the remainder when 148 is divided by (-3)/r*0 - -30?
28
Let x = 1203 - 1127. Calculate the remainder when 446 is divided by x.
66
What is the remainder when 1060/12*(-180)/(-150) is divided by 96?
10
What is the remainder when (53/((-1060)/(-15996)))/(1/5) is divided by 114?
9
Suppose -f = 5*l - 158, 2*f - 242 = l - 278. Calculate the remainder when 148 is divided by l.
20
Suppose 2*f - 5*y = 10, -4*f - 9 = 5*y + 1. Let i be f/(0 + -2 - 0). Suppose i = -7*g + 203 - 42. What is the remainder when g is divided by 9?
5
Let s(b) = 20*b**2 + 2*b - 2. Let c = -23 + 21. Let k be 7/c*(2 + (-108)/42). What is the remainder when s(k) is divided by 21?
19
Suppose 6*l = 11*l + 15, -2*f + 274 = 4*l. Let m(k) = 3*k**2 - 2*k. Let a be m(-2). Let h = 2 + a. What is the remainder when f is divided by h?
17
Suppose -f - 5 + 29 = 0. Let d(s) = -s**3 - 10*s**2 - 4*s - 48. What is the remainder when d(-11) is divided by f?
21
Suppose 5*h - 6*d + 5*d = 2887, -5*d + 15 = 0. Suppose 122 = 7*k - h. Suppose 0 = -10*f + k + 90. Calculate the remainder when 53 is divided by f.
15
Let a(o) = 20*o**2 + o. Let i = -10715 - -10938. What is the remainder when i is divided by a(-1)?
14
Calculate the remainder when ((-9)/(-12))/(20 + 5185649/(-259284)) is divided by 146.
141
What is the remainder when 4312 is divided by (39/10)/(129/(-172))*-5?
22
Let t = -12129 - -12170. Let f(d) = -2*d + 7. Suppose -2*p = -p + 5. Calculate the remainder when t is divided by f(p).
7
Let q = 3156 + -2961. Calculate the remainder when 362 is divided by q.
167
Let h = 18284 + -16590. Calculate the remainder when h is divided by 61.
47
Suppose 147 - 15 = -1866*d + 1877*d. What is the remainder when 73 is divided by d?
1
Suppose 15 = -11*m + 543. What is the remainder when 216 is divided by (-8)/m - (-1590)/36?
40
Suppose a + 139 - 154 = 0. What is the remainder when 53 is divided by a/(-12)*3/(-5)*36?
26
Suppose -3074*v = -3066*v - 856. What is the remainder when v is divided by 27?
26
Let i(f) = -f**2 + 9*f - 18. Let s be i(5). Let o be s*1 - (-3 + 39 + 6). Let d = 47 + o. What is the remainder when 20 is divided by d?
6
Suppose 2*q - 5*q + 54 = 0. Suppose -5*y + 8 = 33, -4*r + 3*y + 299 = 0. What is the remainder when r is divided by q?
17
Suppose 8 - 8 = 10*q. Suppose 35*n - 36*n + 8 = q. What is the remainder when n is divided by 3?
2
Suppose 5*u + 3*a + 602 - 92 = 0, -4*a = 4*u + 400. Let h = -78 - u. What is the remainder when 73 is divided by h?
19
Let u be (-5)/(-2) + -1 - 15/10. Suppose u = 26*o - 21*o + 1425. Let i = -119 - o. Calculate the remainder when i is divided by 24.
22
Let p = 744 - 513. What is the remainder when p is divided by (522/243)/(38/1026)?
57
Let c = 197 - -29. Let x = 269 - c. What is the remainder when x is divided by 30?
13
Let p(b) = -2173*b + 15222. What is the remainder when (2592/(-2))/(-2) + 0 is divided by p(7)?
10
Suppose -3*t - 439 = -43. Let a = t + 178. Calculate the remainder when 129 is divided by a.
37
Suppose -5*s + 0*r = r + 17, 3*s + r + 11 = 0. Let a(t) = 36*t + 14. Let v be a(s). Let q = -54 - v. What is the remainder when 78 is divided by q?
38
Suppose -222092 + 1641708 = 436*m. What is the remainder when 6529 is divided by m?
17
Suppose 5*l - 3*a = 6652 + 8967, 4*a - 3133 = -l. Calculate the remainder when l is divided by 59.
57
Suppose 22*s - 7813 - 1229 = 0. Calculate the remainder when s is divided by 116.
63
Suppose -56*a - 25*a = -120*a + 5538. Suppose 0 = -z - 4*z + 150. What is the remainder when a is divided by z?
22
Let w be ((-14)/(-4) + -4)*-2*9. Suppose -48*k + 45*k + w = 0. Suppose k*g + 3*l = -0 + 6, -5*g = 3*l - 20. What is the remainder when 39 is divided by g?
4
Let j = 9017 + -8807. Calculate the remainder when j is divided by 85.
40
Let i(w) = 12*w + 21. Let n be i(-10). Let u = n - -120. Calculate the remainder when u is divided by 8.
5
Suppose 11579*n = 11583*n - 4080. What is the remainder when n is divided by 33?
30
Suppose 3*f - 5*a - 43 = 0, -36*a = -2*f - 41*a + 12. What is the remainder when 25 is divided by f?
3
Let j = 7646 + -6053. Calculate the remainder when j is divided by 57.
54
Let v = 12913 - 12503. What is the remainder when 827 is divided by v?
7
Let r(f) = f**3 - 15*f**2 + 20*f - 45. Let j be r(14). Suppose 0 = j*b - 33*b - 18. Suppose -3*x = 9 - 33. Calculate the remainder when x is divided by b.
2
Suppose -2*m + 103 + 355 = 4*a, a - 2*m = 112. What is the remainder when a is divided by 8?
2
Let g = -8735 + 9790. What is the remainder when g is divided by 42?
5
Let w(b) be the third derivative of -5*b**4/12 + 28*b**3 - 21*b**2 + b. Calculate the remainder when w(4) is divided by 26.
24
Let t(r) = r**2 + r - 50. Let d be t(-13). What is the remainder when 13 is divided by (-15)/25 + d/10?
3
Let v = 92 - 90. Suppose 5*n - 53 = -v*c - c, 4*n = -4*c + 44. Suppose 0 = -3*x + x - n, 2*m + 3*x = 13. What is the remainder when 53 is divided by m?
11
Suppose -13*j + 11*j = -578. Suppose 50*r - 98*r + 40*r + 336 = 0. Calculate the remainder when j is divided by r.
37
Let z(a) = 134*a - 1151. What is the remainder when z(14) is divided by 27?
23
Let r = -137 + -103. Let g = r + 252. Calculate the remainder when 105 is divided by g.
9
Suppose 2906 = 20*h + 2426. Suppose -19 = -j - 3*y + 28, 5*y = -2*j + 93. Calculate the remainder when j is divided by h.
20
Let a(d) = 76*d - 44. L